5 = -4*q. Let r be 114/361 + (-19864)/(-152) + 9. What is the highest common factor of r and q?
35
Let u(s) = 15*s**2 - 4*s - 23. Let x be u(5). Let c = 750 - x. What is the greatest common divisor of 22 and c?
22
Let b(a) = 7*a**2 + 71*a - 655. Let v be b(10). Calculate the greatest common divisor of 10 and v.
5
Suppose -5*s + 0*n + 3*n + 30 = 0, -5*s + 30 = 3*n. Suppose -s*r + 120 = 4*g - r, 150 = 5*g - 3*r. What is the greatest common divisor of g and 170?
10
Suppose 5*h - 52174 = g, -31*h + 20848 = -29*h + 5*g. Calculate the highest common divisor of h and 1128.
282
Let k(h) = -23*h**2 - 84*h + 40. Let i be k(-4). Calculate the highest common factor of i and 1528.
8
Suppose 2*s + 4 = 18. Suppose s*a - 287 = 210. Suppose 5*c - 19 - a = 0. What is the highest common divisor of 6 and c?
6
Let l be 16/6*105/20. Suppose -26 = -4*s - l. Suppose 3*x = s*j + 3 - 0, -x - 3*j = -9. Calculate the highest common divisor of 3 and x.
3
Suppose -5*u + 56 = 1. Suppose u*v = -0 + 11. Let h be (v/3)/(2/108). Calculate the highest common divisor of 72 and h.
18
Suppose -7*g - 16 = -9*g, -6*x + 5*g + 11138 = 0. What is the greatest common factor of 729 and x?
81
Suppose 0*h - 4 = -h. Suppose -d - 168 = -4*d - h*n, 2*d = -3*n + 111. Suppose d = 4*o + o. What is the greatest common factor of 6 and o?
6
Suppose -45*u + 30*u = -4800. What is the highest common factor of u and 512?
64
Let n = 16818 + -16773. What is the highest common factor of n and 3465?
45
Suppose 2656 + 3098 = -21*d. Let n = -62 - d. Calculate the greatest common factor of 159 and n.
53
Let f = -77 - -76. Let l(s) = s - 1. Let p(u) = -4*u - 2. Let g(x) = f*p(x) - 5*l(x). Let h be g(3). What is the greatest common divisor of 2 and h?
2
Suppose -100 + 128 = -f. Let w be (0 - -4) + 56/f. Let q be 7/3*2*3. Calculate the greatest common divisor of w and q.
2
Let p be 2935117/2568 - (-2)/48. What is the highest common factor of 508 and p?
127
Let u be (-1)/9 + (-16)/(1440/890). Let m(j) = -j**3 - 8*j**2 + 4*j + 155. Let n be m(u). Calculate the highest common divisor of 35 and n.
35
Let l = -1832 + 1252. Let q = -556 - l. What is the highest common divisor of 30 and q?
6
Let p be (-8 - (-84)/6) + 15*58/6. What is the greatest common divisor of p and 34428?
151
Suppose 63*z - 12209 = 2596. Calculate the greatest common divisor of 65 and z.
5
Suppose 12*d + 42 - 30 = 0. Let q be (d + 4)*(39 + -15). What is the highest common divisor of q and 54?
18
Let c be (29 - -43)/(-36)*-54. Let u = -5 - -10. Suppose w = u*w - 4*d - 656, 4*d + 170 = w. Calculate the highest common factor of c and w.
54
Let d = 125 + -116. Suppose -3*o = -2*o + u - 7, 0 = -o - 5*u - d. Calculate the greatest common divisor of o and 88.
11
Let b = 980 + -962. Let r(o) = o + 2. Let y be r(4). Let h be 38/y - 3/9. What is the highest common factor of h and b?
6
Let a be (-16)/28*(1 + 18/(-4)). Suppose 13*m - 12*m = -a. Let w be (57/m)/(1 + (-21)/12). What is the highest common divisor of 190 and w?
38
Let z(w) = -18*w**2 + 1551*w - 240. Let u be z(86). Let i = 568 - 280. Calculate the highest common divisor of i and u.
18
Suppose 29*s - 366 = 678. Let z = -50 + 95. What is the highest common divisor of z and s?
9
Let t(g) = g**3 + 11*g**2 + 26*g + 16. Let i be t(-8). Suppose i = 7*a - 168. Calculate the highest common factor of 40 and a.
8
Let s(c) = 42*c**3 - c**2 + 16*c - 15. Let z be s(1). What is the highest common divisor of z and 4515?
21
Let z be ((-8)/(-5))/(2/20). Suppose 28*k - 18*k - 13270 = 0. Suppose 0 = -17*v + k + 33. Calculate the highest common factor of z and v.
16
Suppose 3*v + 61 = -71. Let p = v - -174. Suppose 0 = 4*y - p + 38. What is the greatest common divisor of 23 and y?
23
Let d be 6207/6*12/1 - (-25 + 31). Calculate the highest common divisor of d and 11.
11
Let p be (-2)/(-5) - ((-232)/20)/1. Suppose 335 = 6*n + 215. Calculate the highest common divisor of n and p.
4
Suppose 0 = 5*z + 4*w - 112498, -4*z + 11397 + 78614 = 5*w. Calculate the highest common factor of 69 and z.
69
Let b(g) = -g**3 - 5*g**2 + 10*g - 11. Let p be b(-9). Let s = p + -187. Calculate the highest common divisor of 99 and s.
9
Let i = -4993 - -6267. What is the highest common divisor of i and 14?
14
Suppose 2*t - 138 = -0*t. Let x be (-75)/5*(13 + -9). Let q = x + t. What is the greatest common factor of 72 and q?
9
Suppose 61183 + 94465 = 117*m - 79405. What is the greatest common divisor of 343 and m?
49
Suppose 317*d + 1694 = 339*d. Suppose 4*j - 2*u = 23 + 15, -32 = -j + 5*u. Calculate the greatest common divisor of j and d.
7
Suppose -24*y + 381 = -1539. Suppose 6*i = 2*i + 160. Calculate the highest common factor of i and y.
40
Suppose -27*r - 20079 + 26481 = -76623. What is the highest common factor of 150 and r?
75
Suppose -4 = -4*c + 4*m, -19 = -c + 2*c - 5*m. Let o = 705 + -688. Let j be o*c/(-9)*36/(-8). What is the highest common divisor of 17 and j?
17
Suppose -13*z - 33*z = -19*z - 81. What is the highest common factor of z and 2523?
3
Suppose -60 = 153*d - 157*d. Suppose 4*n - d - 5 = h, -3*n - 2*h = -4. Suppose 16 = w + b - 53, w - 60 = -n*b. Calculate the highest common factor of 18 and w.
18
Let r = -1942 + 5266. Calculate the highest common factor of 24 and r.
12
Let g = -227 - -229. Suppose -4*k = 3*s - 160 - 96, g*s = -4*k + 172. What is the highest common factor of s and 108?
12
Suppose 197*t - 189*t = 56. What is the highest common divisor of 77 and t?
7
Suppose 0 = -2*s - 5*f - 31, -22*s + 17*s - 5*f - 25 = 0. Let g(o) = -25*o - 1. Let j be g(-1). Calculate the highest common factor of s and j.
2
Let g = -32978 + 33125. Calculate the greatest common divisor of 2625 and g.
21
Suppose 0 = -4*v + 6*v - 30. Let b be (-127)/(1/8 - 95/152). Let d = b + -248. Calculate the highest common divisor of d and v.
3
Let r = -153 - -156. Let d be (r*5)/((135/10)/9). Suppose m - 8*m = -490. What is the highest common factor of m and d?
10
Let l be (1/2)/(1/6). Let w be 4560/(-216) + (-1)/(-9). Let g be 15/(-27)*w*l. Calculate the greatest common factor of g and 140.
35
Let s be (772/4 - 3)/(-1 + 3). What is the greatest common divisor of 5966 and s?
19
Suppose -541 = -11*q + 570. Suppose -100*n = -q*n + 175. What is the greatest common factor of 70 and n?
35
Suppose -2*n + 120 = -0*n. Let x(q) = -20*q - 98. Let y be x(-12). Suppose -y = -z - 106. Calculate the highest common factor of z and n.
12
Suppose h - 5189 - 719 = 2*q, -5*q = -20. What is the greatest common divisor of h and 816?
204
Suppose 0*f - 8*f - 5*d = -4551, 3*f + 2*d = 1706. What is the greatest common factor of f and 1287?
143
Let v be (-92 - 0)*(-8)/160*5. Let z be (v/1)/(11/(-264)*-4). Calculate the highest common factor of z and 230.
46
Let l = -1097 + 1353. Calculate the greatest common divisor of 192 and l.
64
Let k(g) = -g**2 + 96*g - 1848. Let s be k(42). Calculate the greatest common factor of s and 1365.
105
Let o(i) = -74*i - 76. Let w be o(-4). Suppose -2*s + 0*s = 92. Let x = 66 + s. Calculate the greatest common divisor of w and x.
20
Suppose -499 = -3*d + k - 317, d + k = 70. Calculate the greatest common divisor of 1575 and d.
63
Suppose 2*x - 120 = 4*r, 3*x - 1462*r - 230 = -1466*r. Let q be 9 - -4 - (-2)/2. What is the greatest common factor of x and q?
14
Let r(b) = -213*b - 4129. Let v be r(-20). What is the greatest common divisor of 1 and v?
1
Let x = 35 - 23. Let m(y) = -7*y + 44. Suppose -6*r = -2*t - r + 35, 5*t = -5*r. Let u be m(t). Calculate the highest common divisor of x and u.
3
Suppose -558 = -4*d + 5*o, 165 = d + 3*o - 0. What is the greatest common divisor of d and 23079?
147
Let v(f) = 31*f**3 - 550*f**2 - 34*f - 19. Let y be v(18). Calculate the highest common divisor of 106 and y.
53
Let k(w) = -2*w**2 - 13*w + 10. Let y be k(-7). Let h be 112/3*(-4 + 4 + y). What is the greatest common factor of 80 and h?
16
Let p(k) = 153*k + 1701. Let w be p(-11). Calculate the highest common divisor of 2286 and w.
18
Suppose s = 6*s + 15, -s - 368 = -5*j. Suppose r = f + j, 140 = 2*r - 10*f + 6*f. What is the highest common factor of 266 and r?
38
Let p be ((-3)/3)/(3/(-6)). Suppose -s + 6 = -b, -p*s + 8 = 2*b - 3*b. What is the highest common factor of 18 and s?
2
Let u(k) = -k + 68. Let w be (20/(-30))/((-291)/(-99) + -3). Let v